{"id":7862,"date":"2024-06-17T17:13:00","date_gmt":"2024-06-17T15:13:00","guid":{"rendered":"https:\/\/www.esteban-fekete.de\/wp\/?page_id=7862"},"modified":"2024-12-07T17:54:36","modified_gmt":"2024-12-07T15:54:36","slug":"das-altarbild","status":"publish","type":"page","link":"https:\/\/www.esteban-fekete.de\/wp\/ausstellungen\/ev-brueckenkirche-heldenbergen\/das-altarbild\/","title":{"rendered":"Das Altarbild"},"content":{"rendered":"<p><img loading=\"lazy\" class=\"alignleft size-full wp-image-1458\" src=\"http:\/\/www.esteban-fekete.de\/wp\/wp-content\/uploads\/schild_150.jpg\" alt=\"schild_150\" width=\"160\" height=\"114\" \/><\/p>\n<p align=\"left\">Als die Planung f\u00fcr den Bau einer neuen Kirche der evangelischen Gemeinde von Heldenbergen in den 60er Jahren des vorigen Jahrhundert soweit abgeschlossen war, musste nun auch ein Augenmerk auf die Gestaltung des Kirchenraums gelegt werden.<\/p>\n<p align=\"left\"><a title=\"Evangelische Kirche Heldenbergen\" href=\"http:\/\/www.esteban-fekete.de\/wp\/wp-content\/uploads\/kirche_aussen2_600.jpg\" rel=\"gallery[default]\"><img loading=\"lazy\" class=\"size-medium wp-image-1452 alignright\" src=\"http:\/\/www.esteban-fekete.de\/wp\/wp-content\/uploads\/kirche_aussen2_600-226x300.jpg\" alt=\"kirche_aussen2_600\" width=\"226\" height=\"300\" srcset=\"https:\/\/www.esteban-fekete.de\/wp\/wp-content\/uploads\/kirche_aussen2_600-226x300.jpg 226w, https:\/\/www.esteban-fekete.de\/wp\/wp-content\/uploads\/kirche_aussen2_600.jpg 452w\" sizes=\"(max-width: 226px) 100vw, 226px\" \/><\/a>Pfarrer Friedemann Kliesch stand in engem Kontakt zu dem mit der Aufgabe des Baus betrauten Darmst\u00e4dter Architekten Heino Flache (Architekturb\u00fcro Flache und Hansen). Dieser wiederum hatte die Idee, Esteban Fekete, den er bereits viele Jahre als Kunstfreund kannte, mit einem Altarbild f\u00fcr die Innenausstattung der Kirche zu begeistern.<\/p>\n<p align=\"left\">Was die Thematik betraf lie\u00df der Kirchenvorstand Esteban Fekete v\u00f6llig freie Hand. Man war selig, dass sich ein K\u00fcnstler f\u00fcr die Kirche derart engagierte. Inspiriert von dem Farbholzschnitt Nr.139 \u201eGl\u00fccklicher Fischfang\u201c aus dem Jahr 1965 entstand ein Holzstock von 100 cm x 300 cm auf einer 7 cm dicken Abachi-Holzplatte.<\/p>\n<p align=\"left\">An der Kirchent\u00fcr hat Esteban Fekete ein Relief-Band mit dem Thema \u201eDer gute Hirte\u201c gestaltet \u2013 ebenso den T\u00fcrgriff. Die T\u00fcr selber stammt von der Darmst\u00e4dter Kunst- und Silberschmiede Cornelius Hoogenboom.<\/p>\n<table style=\"width: 100%;\" border=\"0\">\n<tbody>\n<tr>\n<td><a title=\"Eingangst\u00fcr mit Relief - Der gute Hirte -\" href=\"http:\/\/www.esteban-fekete.de\/wp\/wp-content\/uploads\/eingang_600-e1387210752402.jpg\" rel=\"gallery[default]\"><img loading=\"lazy\" class=\"wp-image-1451 aligncenter\" src=\"http:\/\/www.esteban-fekete.de\/wp\/wp-content\/uploads\/eingang_600-e1387210752402.jpg\" alt=\"eingang_600\" width=\"270\" height=\"330\" srcset=\"https:\/\/www.esteban-fekete.de\/wp\/wp-content\/uploads\/eingang_600-e1387210752402.jpg 450w, https:\/\/www.esteban-fekete.de\/wp\/wp-content\/uploads\/eingang_600-e1387210752402-245x300.jpg 245w\" sizes=\"(max-width: 270px) 100vw, 270px\" \/><\/a><\/td>\n<td style=\"width: 20px;\"><\/td>\n<td><a title=\"Relief - Der gute Hirte -\" href=\"http:\/\/www.esteban-fekete.de\/wp\/wp-content\/uploads\/relief_8001.jpg\" rel=\"gallery[default]\"><img loading=\"lazy\" class=\"wp-image-1472 alignright\" style=\"margin-top: 150px; margin-bottom: 150px;\" src=\"http:\/\/www.esteban-fekete.de\/wp\/wp-content\/uploads\/relief_8001.jpg\" alt=\"relief_800\" width=\"400\" height=\"85\" \/><\/a><\/td>\n<\/tr>\n<\/tbody>\n<\/table>\n<p align=\"left\"><span style=\"line-height: 1.5em;\"><span style=\"line-height: 1.5em;\">In dem von Esteban Fekete geschaffenen Altarbild kann man mit etwas Phantasie zwei biblische Geschichten assoziieren: den Fischzug des Petrus (Lukas 5 Vers 1-11) und die Berufung der ersten J\u00fcnger zu Menschenfischern (Matth\u00e4us 4 Vers 18-122). Ganz entfernt k\u00f6nnte man auch an das Gleichnis vom Fischnetz (Matth\u00e4us 13, Vers. 47-48) denken, besonders die linke Partie des Bildes betreffend (Deutung von Pfarrer Kliesch). <\/span>Ein wunderbarer Kronleuchter im Kirchenschiff erinnert an eine Dornenkrone und wurde auch von der Darmst\u00e4dter Kunst- und Silberschmiede Cornelius Hoogenboom hergestellt.<\/span><\/p>\n<p align=\"left\">Erg\u00e4nzung aus der Festschrift von 2018 &#8222;50 Jahre Evangelische Br\u00fcckenkirche Heldenbergen&#8220;, von Pfarrer Markus Heider:<\/p>\n<div><b>Die Person im Hintergrund, der \u201eHeldenberger\u201c<\/b><\/div>\n<div>Diese Person ist mit beiden Beinen fest auf dem Boden. Da f\u00fchlt sie sich wohler. Sollen die anderen reinspringen oder sagen, was zu tun ist. Sie h\u00e4lt sich lieber im Hintergrund. Sie ist sich jedoch nicht zu schade, mit anzupacken und mitzuhelfen. Aber eben aus sicherer Position an Land.<\/div>\n<div>Sie muss sich ganz sch\u00f6n strecken, um an die Fische im Netz zu kommen. Sie beugt sich herunter zu dem, was es einzusammeln gilt. Der Korb steht bereit. Die H\u00e4user im Hintergrund zeigen, dass die Heimat nicht weit entfernt ist. Man k\u00f6nnte meinen, dass die Person erstmal zur\u00fcckhaltend agiert, dann aber im Rahmen ihrer M\u00f6glichkeiten mit dabei ist.<\/div>\n<div>Die Person im Hintergrund des Altarbildes ist die Figur, die der K\u00fcnstler Fekete extra f\u00fcr unsere Gemeinde in Heldenbergen erschaffen hat. Die anderen beiden Personen erscheinen in seinen Werken bereits vorher. Diese hier nicht. So ist es die von Esteban Fekete geschaffene Figur, ich nenne sie den \u201eHeldenberger\u201c, der hier in Erscheinung tritt.<\/div>\n<div><\/div>\n<div align=\"center\">\n<p>Nachtrag f\u00fcr Insider: Teile der linken Partie (gro\u00dfe Gestalt und Boot) finden sich wieder in &#8222;Trunkener Sommer IV&#8220; Nr. 147 von 1966. Der rechte Teil des Bildes entspricht dem Farbholzschnitt &#8222;Gl\u00fccklicher Fischfang&#8220; Nr. 139 von 1965<\/p>\n<p style=\"text-align: center;\" align=\"center\"><a title=\"Das Altarbild\" href=\"https:\/\/www.esteban-fekete.de\/wp\/wp-content\/uploads\/20240428_113629b3_1000-1.jpg\" rel=\"gallery[default]\"><img loading=\"lazy\" class=\"wp-image-7816 aligncenter\" src=\"https:\/\/www.esteban-fekete.de\/wp\/wp-content\/uploads\/20240428_113629b3_1000-1-800x274.jpg\" alt=\"\" width=\"797\" height=\"273\" srcset=\"https:\/\/www.esteban-fekete.de\/wp\/wp-content\/uploads\/20240428_113629b3_1000-1-800x274.jpg 800w, https:\/\/www.esteban-fekete.de\/wp\/wp-content\/uploads\/20240428_113629b3_1000-1-768x263.jpg 768w, https:\/\/www.esteban-fekete.de\/wp\/wp-content\/uploads\/20240428_113629b3_1000-1.jpg 1000w\" sizes=\"(max-width: 797px) 100vw, 797px\" \/><\/a><br \/>\nDie Einweihung der Kirche fand am 2. Advent 1968 statt.<\/p>\n<table style=\"width: 100%;\" border=\"0\">\n<tbody>\n<tr>\n<td align=\"center\" valign=\"middle\"><a title=\"Gottesdienst mit Pfarrer Oswald Beuthert\" href=\"http:\/\/www.esteban-fekete.de\/wp\/wp-content\/uploads\/kirche_innen_3_600.jpg\" rel=\"gallery[default]\"><img loading=\"lazy\" class=\"aligncenter wp-image-1455 size-thumbnail\" src=\"http:\/\/www.esteban-fekete.de\/wp\/wp-content\/uploads\/kirche_innen_3_600-150x150.jpg\" alt=\"Gottesdienst mit Pfarrer Oswald Beuthert\" width=\"150\" height=\"150\" \/><\/a><\/td>\n<td align=\"center\"><a title=\"Gottesdienst mit Pfarrer Oswald Beuthert\" href=\"http:\/\/www.esteban-fekete.de\/wp\/wp-content\/uploads\/kirche_innen_1_600.jpg\" rel=\"gallery[default]\"><img loading=\"lazy\" class=\"size-thumbnail wp-image-1453 aligncenter\" src=\"http:\/\/www.esteban-fekete.de\/wp\/wp-content\/uploads\/kirche_innen_1_600-150x150.jpg\" alt=\"Gottesdienst mit Pfarrer Oswald Beuthert\" width=\"150\" height=\"150\" \/><\/a><\/td>\n<td align=\"center\"><a title=\"Gottesdienst mit Pfarrer Oswald Beuthert\" href=\"http:\/\/www.esteban-fekete.de\/wp\/wp-content\/uploads\/kirche_innen_2_600.jpg\" rel=\"gallery[default]\"><img loading=\"lazy\" class=\"size-thumbnail wp-image-1454 aligncenter\" src=\"http:\/\/www.esteban-fekete.de\/wp\/wp-content\/uploads\/kirche_innen_2_600-150x150.jpg\" alt=\"Gottesdienst mit Pfarrer Oswald Beuthert\" width=\"150\" height=\"150\" \/><\/a><\/td>\n<td align=\"center\"><a title=\"Gottesdienst mit Pfarrer Oswald Beuthert\" href=\"http:\/\/www.esteban-fekete.de\/wp\/wp-content\/uploads\/kirche_innen_4_600.jpg\" rel=\"gallery[default]\"><img loading=\"lazy\" class=\"size-thumbnail wp-image-1456 aligncenter\" src=\"http:\/\/www.esteban-fekete.de\/wp\/wp-content\/uploads\/kirche_innen_4_600-150x150.jpg\" alt=\"Gottesdienst mit Pfarrer Oswald Beuthert\" width=\"150\" height=\"150\" \/><\/a><\/td>\n<\/tr>\n<\/tbody>\n<\/table>\n<p><span style=\"line-height: 1.5em;\">Am 8. Juni 1968 berichtete das Darmst\u00e4dter Tagblatt (eingestellt am 30.09.1986) von einem ungew\u00f6hnlichen Experiment.<\/span><\/p>\n<\/div>\n<div id=\"attachment_1461\" style=\"width: 820px\" class=\"wp-caption aligncenter\"><img aria-describedby=\"caption-attachment-1461\" loading=\"lazy\" class=\" wp-image-1461\" title=\"Darmst\u00e4dter Tagblatt\" src=\"http:\/\/www.esteban-fekete.de\/wp\/wp-content\/uploads\/680608_900.jpg\" alt=\"Darmst\u00e4dter Tagblatt\" width=\"810\" height=\"343\" srcset=\"https:\/\/www.esteban-fekete.de\/wp\/wp-content\/uploads\/680608_900.jpg 900w, https:\/\/www.esteban-fekete.de\/wp\/wp-content\/uploads\/680608_900-300x127.jpg 300w\" sizes=\"(max-width: 810px) 100vw, 810px\" \/><p id=\"caption-attachment-1461\" class=\"wp-caption-text\">Darmst\u00e4dter Tagblatt vom 08.06.1968<\/p><\/div>\n<p>Die Fotos zu dieser Kostbarkeit von Esteban Fekete entstanden anl\u00e4sslich eines Gottesdienstes des amtierenden Pfarrers Oswald Beuthert im Mai 2009.<\/p>\n","protected":false},"excerpt":{"rendered":"<p>Als die Planung f\u00fcr den Bau einer neuen Kirche der evangelischen Gemeinde von Heldenbergen in den 60er Jahren des vorigen Jahrhundert soweit abgeschlossen war, musste &hellip;<\/p>\n","protected":false},"author":6,"featured_media":0,"parent":7602,"menu_order":0,"comment_status":"closed","ping_status":"closed","template":"","meta":{"_links_to":"","_links_to_target":""},"_links":{"self":[{"href":"https:\/\/www.esteban-fekete.de\/wp\/wp-json\/wp\/v2\/pages\/7862"}],"collection":[{"href":"https:\/\/www.esteban-fekete.de\/wp\/wp-json\/wp\/v2\/pages"}],"about":[{"href":"https:\/\/www.esteban-fekete.de\/wp\/wp-json\/wp\/v2\/types\/page"}],"author":[{"embeddable":true,"href":"https:\/\/www.esteban-fekete.de\/wp\/wp-json\/wp\/v2\/users\/6"}],"replies":[{"embeddable":true,"href":"https:\/\/www.esteban-fekete.de\/wp\/wp-json\/wp\/v2\/comments?post=7862"}],"version-history":[{"count":4,"href":"https:\/\/www.esteban-fekete.de\/wp\/wp-json\/wp\/v2\/pages\/7862\/revisions"}],"predecessor-version":[{"id":7892,"href":"https:\/\/www.esteban-fekete.de\/wp\/wp-json\/wp\/v2\/pages\/7862\/revisions\/7892"}],"up":[{"embeddable":true,"href":"https:\/\/www.esteban-fekete.de\/wp\/wp-json\/wp\/v2\/pages\/7602"}],"wp:attachment":[{"href":"https:\/\/www.esteban-fekete.de\/wp\/wp-json\/wp\/v2\/media?parent=7862"}],"curies":[{"name":"wp","href":"https:\/\/api.w.org\/{rel}","templated":true}]}}

<p><img loading="lazy" class="alignleft size-full wp-image-1458" src="http://www.esteban-fekete.de/wp/wp-content/uploads/schild_150.jpg" alt="schild_150" width="160" height="114" /></p>
<p align="left">Als die Planung für den Bau einer neuen Kirche der evangelischen Gemeinde von Heldenbergen in den 60er Jahren des vorigen Jahrhundert soweit abgeschlossen war, musste nun auch ein Augenmerk auf die Gestaltung des Kirchenraums gelegt werden.</p>
<p align="left"><a title="Evangelische Kirche Heldenbergen" href="http://www.esteban-fekete.de/wp/wp-content/uploads/kirche_aussen2_600.jpg" rel="gallery[default]"><img loading="lazy" class="size-medium wp-image-1452 alignright" src="http://www.esteban-fekete.de/wp/wp-content/uploads/kirche_aussen2_600-226x300.jpg" alt="kirche_aussen2_600" width="226" height="300" srcset="https://www.esteban-fekete.de/wp/wp-content/uploads/kirche_aussen2_600-226x300.jpg 226w, https://www.esteban-fekete.de/wp/wp-content/uploads/kirche_aussen2_600.jpg 452w" sizes="(max-width: 226px) 100vw, 226px" /></a>Pfarrer Friedemann Kliesch stand in engem Kontakt zu dem mit der Aufgabe des Baus betrauten Darmstädter Architekten Heino Flache (Architekturbüro Flache und Hansen). Dieser wiederum hatte die Idee, Esteban Fekete, den er bereits viele Jahre als Kunstfreund kannte, mit einem Altarbild für die Innenausstattung der Kirche zu begeistern.</p>
<p align="left">Was die Thematik betraf ließ der Kirchenvorstand Esteban Fekete völlig freie Hand. Man war selig, dass sich ein Künstler für die Kirche derart engagierte. Inspiriert von dem Farbholzschnitt Nr.139 „Glücklicher Fischfang“ aus dem Jahr 1965 entstand ein Holzstock von 100 cm x 300 cm auf einer 7 cm dicken Abachi-Holzplatte.</p>
<p align="left">An der Kirchentür hat Esteban Fekete ein Relief-Band mit dem Thema „Der gute Hirte“ gestaltet – ebenso den Türgriff. Die Tür selber stammt von der Darmstädter Kunst- und Silberschmiede Cornelius Hoogenboom.</p>
<table style="width: 100%;" border="0">
<tbody>
<tr>
<td><a title="Eingangstür mit Relief - Der gute Hirte -" href="http://www.esteban-fekete.de/wp/wp-content/uploads/eingang_600-e1387210752402.jpg" rel="gallery[default]"><img loading="lazy" class="wp-image-1451 aligncenter" src="http://www.esteban-fekete.de/wp/wp-content/uploads/eingang_600-e1387210752402.jpg" alt="eingang_600" width="270" height="330" srcset="https://www.esteban-fekete.de/wp/wp-content/uploads/eingang_600-e1387210752402.jpg 450w, https://www.esteban-fekete.de/wp/wp-content/uploads/eingang_600-e1387210752402-245x300.jpg 245w" sizes="(max-width: 270px) 100vw, 270px" /></a></td>
<td style="width: 20px;"></td>
<td><a title="Relief - Der gute Hirte -" href="http://www.esteban-fekete.de/wp/wp-content/uploads/relief_8001.jpg" rel="gallery[default]"><img loading="lazy" class="wp-image-1472 alignright" style="margin-top: 150px; margin-bottom: 150px;" src="http://www.esteban-fekete.de/wp/wp-content/uploads/relief_8001.jpg" alt="relief_800" width="400" height="85" /></a></td>
</tr>
</tbody>
</table>
<p align="left"><span style="line-height: 1.5em;"><span style="line-height: 1.5em;">In dem von Esteban Fekete geschaffenen Altarbild kann man mit etwas Phantasie zwei biblische Geschichten assoziieren: den Fischzug des Petrus (Lukas 5 Vers 1-11) und die Berufung der ersten Jünger zu Menschenfischern (Matthäus 4 Vers 18-122). Ganz entfernt könnte man auch an das Gleichnis vom Fischnetz (Matthäus 13, Vers. 47-48) denken, besonders die linke Partie des Bildes betreffend (Deutung von Pfarrer Kliesch). </span>Ein wunderbarer Kronleuchter im Kirchenschiff erinnert an eine Dornenkrone und wurde auch von der Darmstädter Kunst- und Silberschmiede Cornelius Hoogenboom hergestellt.</span></p>
<p align="left">Ergänzung aus der Festschrift von 2018 &#8222;50 Jahre Evangelische Brückenkirche Heldenbergen&#8220;, von Pfarrer Markus Heider:</p>
<div><b>Die Person im Hintergrund, der „Heldenberger“</b></div>
<div>Diese Person ist mit beiden Beinen fest auf dem Boden. Da fühlt sie sich wohler. Sollen die anderen reinspringen oder sagen, was zu tun ist. Sie hält sich lieber im Hintergrund. Sie ist sich jedoch nicht zu schade, mit anzupacken und mitzuhelfen. Aber eben aus sicherer Position an Land.</div>
<div>Sie muss sich ganz schön strecken, um an die Fische im Netz zu kommen. Sie beugt sich herunter zu dem, was es einzusammeln gilt. Der Korb steht bereit. Die Häuser im Hintergrund zeigen, dass die Heimat nicht weit entfernt ist. Man könnte meinen, dass die Person erstmal zurückhaltend agiert, dann aber im Rahmen ihrer Möglichkeiten mit dabei ist.</div>
<div>Die Person im Hintergrund des Altarbildes ist die Figur, die der Künstler Fekete extra für unsere Gemeinde in Heldenbergen erschaffen hat. Die anderen beiden Personen erscheinen in seinen Werken bereits vorher. Diese hier nicht. So ist es die von Esteban Fekete geschaffene Figur, ich nenne sie den „Heldenberger“, der hier in Erscheinung tritt.</div>
<div></div>
<div align="center">
<p>Nachtrag für Insider: Teile der linken Partie (große Gestalt und Boot) finden sich wieder in &#8222;Trunkener Sommer IV&#8220; Nr. 147 von 1966. Der rechte Teil des Bildes entspricht dem Farbholzschnitt &#8222;Glücklicher Fischfang&#8220; Nr. 139 von 1965</p>
<p style="text-align: center;" align="center"><a title="Das Altarbild" href="https://www.esteban-fekete.de/wp/wp-content/uploads/20240428_113629b3_1000-1.jpg" rel="gallery[default]"><img loading="lazy" class="wp-image-7816 aligncenter" src="https://www.esteban-fekete.de/wp/wp-content/uploads/20240428_113629b3_1000-1-800x274.jpg" alt="" width="797" height="273" srcset="https://www.esteban-fekete.de/wp/wp-content/uploads/20240428_113629b3_1000-1-800x274.jpg 800w, https://www.esteban-fekete.de/wp/wp-content/uploads/20240428_113629b3_1000-1-768x263.jpg 768w, https://www.esteban-fekete.de/wp/wp-content/uploads/20240428_113629b3_1000-1.jpg 1000w" sizes="(max-width: 797px) 100vw, 797px" /></a><br />
Die Einweihung der Kirche fand am 2. Advent 1968 statt.</p>
<table style="width: 100%;" border="0">
<tbody>
<tr>
<td align="center" valign="middle"><a title="Gottesdienst mit Pfarrer Oswald Beuthert" href="http://www.esteban-fekete.de/wp/wp-content/uploads/kirche_innen_3_600.jpg" rel="gallery[default]"><img loading="lazy" class="aligncenter wp-image-1455 size-thumbnail" src="http://www.esteban-fekete.de/wp/wp-content/uploads/kirche_innen_3_600-150x150.jpg" alt="Gottesdienst mit Pfarrer Oswald Beuthert" width="150" height="150" /></a></td>
<td align="center"><a title="Gottesdienst mit Pfarrer Oswald Beuthert" href="http://www.esteban-fekete.de/wp/wp-content/uploads/kirche_innen_1_600.jpg" rel="gallery[default]"><img loading="lazy" class="size-thumbnail wp-image-1453 aligncenter" src="http://www.esteban-fekete.de/wp/wp-content/uploads/kirche_innen_1_600-150x150.jpg" alt="Gottesdienst mit Pfarrer Oswald Beuthert" width="150" height="150" /></a></td>
<td align="center"><a title="Gottesdienst mit Pfarrer Oswald Beuthert" href="http://www.esteban-fekete.de/wp/wp-content/uploads/kirche_innen_2_600.jpg" rel="gallery[default]"><img loading="lazy" class="size-thumbnail wp-image-1454 aligncenter" src="http://www.esteban-fekete.de/wp/wp-content/uploads/kirche_innen_2_600-150x150.jpg" alt="Gottesdienst mit Pfarrer Oswald Beuthert" width="150" height="150" /></a></td>
<td align="center"><a title="Gottesdienst mit Pfarrer Oswald Beuthert" href="http://www.esteban-fekete.de/wp/wp-content/uploads/kirche_innen_4_600.jpg" rel="gallery[default]"><img loading="lazy" class="size-thumbnail wp-image-1456 aligncenter" src="http://www.esteban-fekete.de/wp/wp-content/uploads/kirche_innen_4_600-150x150.jpg" alt="Gottesdienst mit Pfarrer Oswald Beuthert" width="150" height="150" /></a></td>
</tr>
</tbody>
</table>
<p><span style="line-height: 1.5em;">Am 8. Juni 1968 berichtete das Darmstädter Tagblatt (eingestellt am 30.09.1986) von einem ungewöhnlichen Experiment.</span></p>
</div>
<div id="attachment_1461" style="width: 820px" class="wp-caption aligncenter"><img aria-describedby="caption-attachment-1461" loading="lazy" class=" wp-image-1461" title="Darmstädter Tagblatt" src="http://www.esteban-fekete.de/wp/wp-content/uploads/680608_900.jpg" alt="Darmstädter Tagblatt" width="810" height="343" srcset="https://www.esteban-fekete.de/wp/wp-content/uploads/680608_900.jpg 900w, https://www.esteban-fekete.de/wp/wp-content/uploads/680608_900-300x127.jpg 300w" sizes="(max-width: 810px) 100vw, 810px" /><p id="caption-attachment-1461" class="wp-caption-text">Darmstädter Tagblatt vom 08.06.1968</p></div>
<p>Die Fotos zu dieser Kostbarkeit von Esteban Fekete entstanden anlässlich eines Gottesdienstes des amtierenden Pfarrers Oswald Beuthert im Mai 2009.</p>

<p>Als die Planung für den Bau einer neuen Kirche der evangelischen Gemeinde von Heldenbergen in den 60er Jahren des vorigen Jahrhundert soweit abgeschlossen war, musste &hellip;</p>
